{"id":10,"date":"2010-06-19T19:54:37","date_gmt":"2010-06-19T19:54:37","guid":{"rendered":"http:\/\/www.site-graphics.de\/logo\/?page_id=10"},"modified":"2026-04-24T14:25:02","modified_gmt":"2026-04-24T12:25:02","slug":"impressum","status":"publish","type":"page","link":"https:\/\/www.xn--logopdie-michael-znb.de\/index.php\/impressum\/","title":{"rendered":"Impressum"},"content":{"rendered":"<hr \/>\n<h3><span style=\"color: #000000;\"><span style=\"color: #0086ad;\"><br \/>\nFachpraxis f\u00fcr Logop\u00e4die<\/span><br \/>\n<\/span><br \/>\n<span style=\"font-weight: normal;\">Annett Michael<\/span><\/h3>\n<p>Inhaberin<br \/>\nAnnett Michael &#8211; Staatlich anerkannte Logop\u00e4din<br \/>\nHackelberg 4-5<br \/>\n39387 Oschersleben<br \/>\nTelefon: 03949-5130628<br \/>\nMobil: 0151-20290129<br \/>\nE-Mail: logopaedie.michael@web.de<\/p>\n<p><a href=\"http:\/\/www.xn--logopdie-michael-znb.de\/wp-content\/uploads\/2010\/06\/impressum.jpg\"><img loading=\"lazy\" decoding=\"async\" class=\"wp-image-16 size-full aligncenter\" title=\"Impressum\" src=\"http:\/\/www.xn--logopdie-michael-znb.de\/wp-content\/uploads\/2010\/06\/impressum.jpg\" alt=\"Impressum\" width=\"300\" height=\"191\" \/><\/a><\/p>\n<p style=\"text-align: justify;\">Die auf logop\u00e4die-michael.de ver\u00f6ffentlichten Inhalte sind mit gr\u00f6\u00dfter Sorgfalt recherchiert. Dennoch k\u00f6nnen weder die Redaktion noch der Betreiber logop\u00e4die-michael.de eine Gew\u00e4hr f\u00fcr Ihre Richtigkeit \u00fcbernehmen. Alle Angaben erfolgen ohne Gew\u00e4hr. Eine Haftung f\u00fcr Sch\u00e4den, die sich aus der Verwendung der in Logop\u00e4dieMichael.de ver\u00f6ffentlichten Inhalte ergeben, durch den Betreiber bzw. die einstellenden Inhaltepartner ist ausgeschlossen. Der Betreiber haftet nicht f\u00fcr die Inhalte der extern verlinkten Inhalte.<\/p>\n<p style=\"text-align: justify;\"><strong>Urheberrecht<br \/>\n<\/strong>Layout und Gestaltung des Angebots insgesamt sowie seiner einzelnen Elemente sind urheberrechtlich gesch\u00fctzt. Gleiches gilt f\u00fcr die redaktionellen Beitr\u00e4ge im Einzelnen sowie ihre Auswahl und Zusammenstellung. Weiterverwendung und Vervielf\u00e4ltigung sind nur zu privaten Zwecken gestattet, Ver\u00e4nderungen daran d\u00fcrfen nicht vorgenommen werden. Eine \u00f6ffentliche Verwendung des Angebots darf nur mit Zustimmung des Betreibers\/der Redaktionen erfolgen.<\/p>\n<p style=\"text-align: justify;\"><strong>Datenschutz<br \/>\n<\/strong>Hinweis: Die angegebenen Daten unterliegen dem <a href=\"http:\/\/www.xn--logopdie-michael-znb.de\/index.php\/datenschutz\/\">Datenschutz<\/a> gem. DSGVO. Die Preisgabe personenbezogener Daten wie Ihr Name, Ihre Anschrift, Ihre Telefonnummer oder Ihre E-Mail-Adresse erfolgen auf ausdr\u00fccklich freiwilliger Basis. Die Verwendung und Weitergabe der von Ihnen genannten personenbezogenen Daten an Dritte findet ausdr\u00fccklich nicht statt.<\/p>\n<p style=\"text-align: justify;\"><em>logop\u00e4die-michael.de \u00a9 2023<\/em><\/p>\n<p><em>Alle Rechte vorbehalten.<\/em><\/p>\n<p>CMS System:\u00a0<a href=\"http:\/\/wordpress-deutschland.org\/\">WordPress<\/a><br \/>\nFotos:\u00a0<a href=\"http:\/\/www.photocase.com\/de\/\">Photocase<\/a>\u00a0\/\u00a0<a title=\"Aboutpixel\" href=\"http:\/\/www.aboutpixel.de\/\" target=\"_blank\" rel=\"noopener\">Aboutpixel<\/a>\u00a0\/\u00a0<a title=\"Photl Free Stock Photos\" href=\"http:\/\/www.photl.com\/de\/\" target=\"_blank\" rel=\"noopener\">Photl.com<\/a><br \/>\n<i>Old fashioned telephone with the receiver off the hook.\u00a0\u00a9 RTimages &#8211; Fotolia.com<br \/>\nParagraph und Fragezeichen\u00a0<i>\u00a9 Cmon &#8211; Fotolia.com<br \/>\n<\/i><\/i><\/p>\n<p><a title=\"Anmelden\" href=\"http:\/\/www.xn--logopdie-michael-znb.de\/wp-admin\" target=\"_blank\" rel=\"noopener\">Anmelden<\/a><\/p>\n","protected":false},"excerpt":{"rendered":"<p>Fachpraxis f\u00fcr Logop\u00e4die Annett Michael Inhaberin Annett Michael &#8211; Staatlich anerkannte Logop\u00e4din Hackelberg 4-5 39387 Oschersleben Telefon: 03949-5130628 Mobil: 0151-20290129 E-Mail: logopaedie.michael@web.de [&hellip;]<\/p>\n","protected":false},"author":4,"featured_media":0,"parent":0,"menu_order":5,"comment_status":"closed","ping_status":"closed","template":"","meta":{"footnotes":""},"class_list":["post-10","page","type-page","status-publish","hentry"],"_links":{"self":[{"href":"https:\/\/www.xn--logopdie-michael-znb.de\/index.php\/wp-json\/wp\/v2\/pages\/10","targetHints":{"allow":["GET"]}}],"collection":[{"href":"https:\/\/www.xn--logopdie-michael-znb.de\/index.php\/wp-json\/wp\/v2\/pages"}],"about":[{"href":"https:\/\/www.xn--logopdie-michael-znb.de\/index.php\/wp-json\/wp\/v2\/types\/page"}],"author":[{"embeddable":true,"href":"https:\/\/www.xn--logopdie-michael-znb.de\/index.php\/wp-json\/wp\/v2\/users\/4"}],"replies":[{"embeddable":true,"href":"https:\/\/www.xn--logopdie-michael-znb.de\/index.php\/wp-json\/wp\/v2\/comments?post=10"}],"version-history":[{"count":60,"href":"https:\/\/www.xn--logopdie-michael-znb.de\/index.php\/wp-json\/wp\/v2\/pages\/10\/revisions"}],"predecessor-version":[{"id":1906,"href":"https:\/\/www.xn--logopdie-michael-znb.de\/index.php\/wp-json\/wp\/v2\/pages\/10\/revisions\/1906"}],"wp:attachment":[{"href":"https:\/\/www.xn--logopdie-michael-znb.de\/index.php\/wp-json\/wp\/v2\/media?parent=10"}],"curies":[{"name":"wp","href":"https:\/\/api.w.org\/{rel}","templated":true}]}}